59?
1
What is the hundreds digit of 589245?
2
What is the hundreds digit of 154492?
4
What is the hundred thousands digit of 189304?
1
What is the units digit of 187809?
9
What is the ten thousands digit of 1138472?
3
What is the hundreds digit of 4632803?
8
What is the hundreds digit of 86494?
4
What is the thousands digit of 1107742?
7
What is the ten thousands digit of 269342?
6
What is the units digit of 3280699?
9
What is the tens digit of 1738064?
6
What is the tens digit of 422123?
2
What is the millions digit of 3488381?
3
What is the thousands digit of 1418247?
8
What is the millions digit of 8941493?
8
What is the tens digit of 4577270?
7
What is the millions digit of 3731251?
3
What is the ten thousands digit of 2678262?
7
What is the units digit of 1269787?
7
What is the tens digit of 5721231?
3
What is the units digit of 16937108?
8
What is the thousands digit of 9179233?
9
What is the ten thousands digit of 3328219?
2
What is the ten thousands digit of 700589?
0
What is the thousands digit of 2465797?
5
What is the units digit of 44374?
4
What is the hundreds digit of 289459?
4
What is the thousands digit of 6810659?
0
What is the hundreds digit of 429166?
1
What is the hundreds digit of 843629?
6
What is the thousands digit of 2783679?
3
What is the thousands digit of 25468?
5
What is the units digit of 1453219?
9
What is the ten millions digit of 21957167?
2
What is the units digit of 2208754?
4
What is the hundred thousands digit of 14697204?
6
What is the ten thousands digit of 944860?
4
What is the hundreds digit of 5053373?
3
What is the thousands digit of 469113?
9
What is the units digit of 1052848?
8
What is the hundred thousands digit of 1152170?
1
What is the hundred thousands digit of 226869?
2
What is the units digit of 3601074?
4
What is the hundred thousands digit of 20480981?
4
What is the tens digit of 8983758?
5
What is the hundred thousands digit of 354475?
3
What is the millions digit of 1298334?
1
What is the tens digit of 13902944?
4
What is the tens digit of 124937?
3
What is the hundred thousands digit of 6097214?
0
What is the hundreds digit of 5761576?
5
What is the ten thousands digit of 772424?
7
What is the tens digit of 551672?
7
What is the millions digit of 13450833?
3
What is the thousands digit of 7431534?
1
What is the millions digit of 3775771?
3
What is the ten thousands digit of 828394?
2
What is the units digit of 526584?
4
What is the thousands digit of 3818319?
8
What is the tens digit of 21053013?
1
What is the tens digit of 4934142?
4
What is the ten thousands digit of 79553?
7
What is the thousands digit of 1956189?
6
What is the hundreds digit of 156480?
4
What is the tens digit of 27966945?
4
What is the millions digit of 20848588?
0
What is the hundreds digit of 8002701?
7
What is the thousands digit of 26137277?
7
What is the hundreds digit of 474439?
4
What is the ten thousands digit of 10806197?
0
What is the thousands digit of 252535?
2
What is the hundred thousands digit of 654586?
6
What is the hundreds digit of 1679733?
7
What is the units digit of 5380010?
0
What is the hundreds digit of 1472503?
5
What is the ten thousands digit of 865047?
6
What is the ten thousands digit of 888764?
8
What is the thousands digit of 3674952?
4
What is the ten thousands digit of 11092404?
9
What is the thousands digit of 285865?
5
What is the thousands digit of 1850235?
0
What is the hundreds digit of 2946225?
2
What is the tens digit of 4928?
2
What is the units digit of 3174843?
3
What is the tens digit of 2450940?
4
What is the hundreds digit of 2649704?
7
What is the thousands digit of 18119270?
9
What is the millions digit of 6056509?
6
What is the hundreds digit of 97753?
7
What is the millions digit of 2068188?
2
What is the hundreds digit of 3022476?
4
What is the hundreds digit of 92465?
4
What is the thousands digit of 4595401?
5
What is the hundreds digit of 63485?
4
What is the hundreds digit of 3766195?
1
What is the ten thousands digit of 1246230?
4
What is the tens digit of 8099325?
2
What is the thousands digit of 2232265?
2
What is the tens digit of 2135801?
0
What is the ten thousands digit of 322023?
2
What is the units digit of 1513056?
6
What is the hundreds digit of 16358369?
3
What is the units digit of 356920?
0
What is the millions digit of 10392998?
0
What is the units digit of 160319?
9
What is the millions digit of 5972569?
5
What is the units digit of 28350411?
1
What is the units digit of 9130831?
1
What is the tens digit of 5501340?
4
What is the millions digit of 11463641?
1
What is the thousands digit of 285296?
5
What is the hundreds digit of 553985?
9
What is the tens digit of 27539?
3
What is the hundred thousands digit of 108255?
1
What is the thousands digit of 2358184?
8
What is the thousands digit of 17629138?
9
What is the hundred thousands digit of 26747485?
7
What is the ten thousands digit of 120841?
2
What is the hundred thousands digit of 880016?
8
What is the units digit of 32126038?
8
What is the millions digit of 1700116?
1
What is the tens digit of 6583416?
1
What is the hundred thousands digit of 4919591?
9
What is the tens digit of 278742?
4
What is the tens digit of 226621?
2
What is the thousands digit of 485655?
5
What is the tens digit of 17522?
2
What is the hundreds digit of 165610?
6
What is the units digit of 5586090?
0
What is the hundreds digit of 4301164?
1
What is the thousands digit of 7465426?
5
What is the tens digit of 1847917?
1
What is the thousands digit of 1081374?
1
What is the tens digit of 6398?
9
What is the ten thousands digit of 78891?
7
What is the thousands digit of 330276?
0
What is the millions digit of 5781988?
5
What is the hundreds digit of 892250?
2
What is the millions digit of 7480464?
7
What is the millions digit of 4690840?
4
What is the hundreds digit of 17859?
8
What is the thousands digit of 514035?
4
What is the ten thousands digit of 5313149?
1
What is the ten thousands digit of 141856?
4
What is the tens digit of 553265?
6
What is the units digit of 5758367?
7
What is the units digit of 1116424?
4
What is the units digit of 489691?
1
What is the hundred thousands digit of 114687?
1
What is the thousands digit of 12876450?
6
What is the units digit of 645548?
8
What is the hundreds digit of 9531130?
1
What is the hundreds digit of 22467827?
8
What is the thousands digit of 3211123?
1
What is the units digit of 1817974?
4
What is the tens digit of 10756256?
5
What is the units digit of 323268?
8
What is the units digit of 257641?
1
What is the thousands digit of 5305569?
5
What is the hundred thousands digit of 262537?
2
What is the hundreds digit of 8666537?
5
What is the ten thousands digit of 27339795?
3
What is the thousands digit of 2288078?
8
What is the ten thousands digit of 460915?
6
What is the units digit of 1288588?
8
What is the ten thousands digit of 35870967?
7
What is the thousands digit of 363217?
3
What is the hundred thousands digit of 3051719?
0
What is the units digit of 121687?
7
What is the tens digit of 348603?
0
What is the hundreds digit of 4089559?
5
What is the hundred thousands digit of 227671?
2
What is the thousands digit of 31027?
1
What is the ten thousands digit of 1749825?
4
What is the tens digit of 4875482?
8
What is the ten thousands digit of 1865924?
6
What is the hundreds digit of 7256?
2
What is the ten thousands digit of 616899?
1
What is the millions digit of 3188891?
3
What is the ten thousands digit of 9747491?
4
What is the millions digit of 1800962?
1
What is the tens digit of 437873?
7
What is the units digit of 6903416?
6
What is the hundreds digit of 1057911?
9
What is the hundreds digit of 31686?
6
What is the ten thousands digit of 1053231?
5
What is the tens digit of 437349?
4
What is the hundred thousands digit of 1035407?
0
What is the hundred thousands digit of 4869141?
8
What is the hundred thousands digit of 189803?
1
What is the units digit of 403853?
3
What is the tens digit of 489910?
1
What is the ten thousands digit of 2439179?
3
What is the hundred thousands digit of 306760?
3
What is the thousands digit of 510228?
0
What is the units digit of 318831?
1
What is the thousands digit of 285883?
5
What is the millions digit of 3147803?
